{"id":287,"date":"2020-01-03T13:55:33","date_gmt":"2020-01-03T12:55:33","guid":{"rendered":"http:\/\/nos-visites-guidees.com\/?page_id=287"},"modified":"2020-01-03T13:55:34","modified_gmt":"2020-01-03T12:55:34","slug":"lain","status":"publish","type":"page","link":"https:\/\/www.nos-visites-guidees.com\/index.php\/fr\/lain\/","title":{"rendered":"L&rsquo;Ain"},"content":{"rendered":"\n<p>L&rsquo;ain et ses tr\u00e9sors:<\/p>\n<h2>NOUVEAUTE 2018:<\/h2>\n<p>D\u00e9couvrez le barrage-centrale de G\u00e9nissiat: visite guid\u00e9e d&rsquo;1h30 \u00e0 2h de ce fleuron de l&rsquo;industrie \u00e9lectrique de notre r\u00e9gion.<\/p>\n<p>Parcours dans le barrage-centrale g\u00e9r\u00e9 par la Compagnie Nationale du Rh\u00f4ne, de la salle des alternateurs \u00e0 la salle des commandes.<\/p>\n<h3>P\u00e9rouges et la Dombes<\/h3>\n<p>\u00a0<img loading=\"lazy\" decoding=\"async\" class=\"alignnone size-full wp-image-110\" src=\"http:\/\/nos-visites-guidees.com\/wp-content\/uploads\/photos\/FR\/maisons_Perouges.jpg\" alt=\"\" width=\"703\" height=\"421\" srcset=\"https:\/\/www.nos-visites-guidees.com\/wp-content\/uploads\/photos\/FR\/maisons_Perouges.jpg 703w, https:\/\/www.nos-visites-guidees.com\/wp-content\/uploads\/photos\/FR\/maisons_Perouges-300x180.jpg 300w\" sizes=\"auto, (max-width: 703px) 100vw, 703px\" \/><\/p>\n<p>D\u00e9couverte de la cit\u00e9 m\u00e9di\u00e9vale de P\u00e9rouges et d\u00e9gustation de sa galette au sucre<\/p>\n<p>Promenade \u00e0 travers les nombreux \u00e9tangs de la Dombes<\/p>\n<p>terres riches d&rsquo;histoires.<\/p>\n<h3>Ars<\/h3>\n<p><img loading=\"lazy\" decoding=\"async\" class=\"alignnone size-full wp-image-100\" src=\"http:\/\/nos-visites-guidees.com\/wp-content\/uploads\/photos\/FR\/Eglise_Ars.jpg\" alt=\"\" width=\"308\" height=\"356\" srcset=\"https:\/\/www.nos-visites-guidees.com\/wp-content\/uploads\/photos\/FR\/Eglise_Ars.jpg 308w, https:\/\/www.nos-visites-guidees.com\/wp-content\/uploads\/photos\/FR\/Eglise_Ars-260x300.jpg 260w\" sizes=\"auto, (max-width: 308px) 100vw, 308px\" \/><\/p>\n<p>\u00a0<\/p>\n<p>\u00a0<\/p>\n<p>\u00a0<\/p>\n<p>\u00a0<\/p>\n<p>\u00a0<\/p>\n","protected":false},"excerpt":{"rendered":"<p>L&rsquo;ain et ses tr\u00e9sors: NOUVEAUTE 2018: D\u00e9couvrez le barrage-centrale de G\u00e9nissiat: visite guid\u00e9e d&rsquo;1h30 \u00e0 2h de ce fleuron de [&hellip;]<\/p>\n","protected":false},"author":2,"featured_media":0,"parent":0,"menu_order":0,"comment_status":"closed","ping_status":"closed","template":"","meta":{"footnotes":""},"class_list":["post-287","page","type-page","status-publish","hentry"],"_links":{"self":[{"href":"https:\/\/www.nos-visites-guidees.com\/index.php\/wp-json\/wp\/v2\/pages\/287","targetHints":{"allow":["GET"]}}],"collection":[{"href":"https:\/\/www.nos-visites-guidees.com\/index.php\/wp-json\/wp\/v2\/pages"}],"about":[{"href":"https:\/\/www.nos-visites-guidees.com\/index.php\/wp-json\/wp\/v2\/types\/page"}],"author":[{"embeddable":true,"href":"https:\/\/www.nos-visites-guidees.com\/index.php\/wp-json\/wp\/v2\/users\/2"}],"replies":[{"embeddable":true,"href":"https:\/\/www.nos-visites-guidees.com\/index.php\/wp-json\/wp\/v2\/comments?post=287"}],"version-history":[{"count":1,"href":"https:\/\/www.nos-visites-guidees.com\/index.php\/wp-json\/wp\/v2\/pages\/287\/revisions"}],"predecessor-version":[{"id":288,"href":"https:\/\/www.nos-visites-guidees.com\/index.php\/wp-json\/wp\/v2\/pages\/287\/revisions\/288"}],"wp:attachment":[{"href":"https:\/\/www.nos-visites-guidees.com\/index.php\/wp-json\/wp\/v2\/media?parent=287"}],"curies":[{"name":"wp","href":"https:\/\/api.w.org\/{rel}","templated":true}]}}